{"id":12,"date":"2011-08-04T18:02:37","date_gmt":"2011-08-04T16:02:37","guid":{"rendered":"http:\/\/taschenfreak.de\/blog\/"},"modified":"2018-12-12T17:46:50","modified_gmt":"2018-12-12T16:46:50","slug":"kontakt","status":"publish","type":"page","link":"https:\/\/taschenfreak.de\/blog\/kontakt\/","title":{"rendered":"Kontakt"},"content":{"rendered":"<p>Diese Page lebt von Ihren Einsendungen und Ihren Berichten \u2013 wir freuen uns auf Deine Taschenbilder und Du hilfst damit jedem der ein entsprechendes Transportequipment sucht.<\/p>\n<p>Wir freuen uns auf Dein Mail!<\/p>\n<hr>\n\n<div class=\"wpcf7 no-js\" id=\"wpcf7-f8939-o1\" lang=\"de-DE\" dir=\"ltr\" data-wpcf7-id=\"8939\">\n<div class=\"screen-reader-response\"><p role=\"status\" aria-live=\"polite\" aria-atomic=\"true\"><\/p> <ul><\/ul><\/div>\n<form action=\"\/blog\/wp-json\/wp\/v2\/pages\/12#wpcf7-f8939-o1\" method=\"post\" class=\"wpcf7-form init\" aria-label=\"Kontaktformular\" novalidate=\"novalidate\" data-status=\"init\">\n<fieldset class=\"hidden-fields-container\"><input type=\"hidden\" name=\"_wpcf7\" value=\"8939\" \/><input type=\"hidden\" name=\"_wpcf7_version\" value=\"6.1.5\" \/><input type=\"hidden\" name=\"_wpcf7_locale\" value=\"de_DE\" \/><input type=\"hidden\" name=\"_wpcf7_unit_tag\" value=\"wpcf7-f8939-o1\" \/><input type=\"hidden\" name=\"_wpcf7_container_post\" value=\"0\" \/><input type=\"hidden\" name=\"_wpcf7_posted_data_hash\" value=\"\" \/>\n<\/fieldset>\n<p><label> Dein Name (Pflichtfeld)<br \/>\n<span class=\"wpcf7-form-control-wrap\" data-name=\"your-name\"><input size=\"40\" maxlength=\"400\" class=\"wpcf7-form-control wpcf7-text wpcf7-validates-as-required\" aria-required=\"true\" aria-invalid=\"false\" value=\"\" type=\"text\" name=\"your-name\" \/><\/span> <\/label>\n<\/p>\n<p><label> Deine E-Mail-Adresse (Pflichtfeld)<br \/>\n<span class=\"wpcf7-form-control-wrap\" data-name=\"your-email\"><input size=\"40\" maxlength=\"400\" class=\"wpcf7-form-control wpcf7-email wpcf7-validates-as-required wpcf7-text wpcf7-validates-as-email\" aria-required=\"true\" aria-invalid=\"false\" value=\"\" type=\"email\" name=\"your-email\" \/><\/span> <\/label>\n<\/p>\n<p><label> Betreff<br \/>\n<span class=\"wpcf7-form-control-wrap\" data-name=\"your-subject\"><input size=\"40\" maxlength=\"400\" class=\"wpcf7-form-control wpcf7-text\" aria-invalid=\"false\" value=\"\" type=\"text\" name=\"your-subject\" \/><\/span> <\/label>\n<\/p>\n<p><label> Deine Nachricht<br \/>\n<span class=\"wpcf7-form-control-wrap\" data-name=\"your-message\"><textarea cols=\"40\" rows=\"10\" maxlength=\"2000\" class=\"wpcf7-form-control wpcf7-textarea\" aria-invalid=\"false\" name=\"your-message\"><\/textarea><\/span> <\/label>\n<\/p>\n<p><span class=\"wpcf7-form-control-wrap\" data-name=\"acceptance-989\"><span class=\"wpcf7-form-control wpcf7-acceptance\"><span class=\"wpcf7-list-item\"><input type=\"checkbox\" name=\"acceptance-989\" value=\"1\" aria-invalid=\"false\" \/><\/span><\/span><\/span> Sie erkl\u00e4ren sich damit einverstanden, dass Ihre Daten zur Bearbeitung Ihres Anliegens verwendet werden. Weitere Informationen und Widerrufshinweise finden sie in der <b><a href=\"https:\/\/taschenfreak.de\/blog\/impressum\/datenschutzerklaerung\/\">Datenschutzerkl\u00e4rung<\/a><\/b>.\n<\/p>\n<p><input class=\"wpcf7-form-control wpcf7-submit has-spinner\" type=\"submit\" value=\"Senden\" \/>\n<\/p><div class=\"wpcf7-response-output\" aria-hidden=\"true\"><\/div>\n<\/form>\n<\/div>\n\n<p>Wenn Sie den Button \u201eSenden\u201c bet\u00e4tigen, erkl\u00e4ren Sie damit Ihr Einverst\u00e4ndnis dazu, dass Ihre Daten zur Bearbeitung Ihrer Anfrage erhoben, gespeichert und verarbeitet werden. Dieses Einverst\u00e4ndnis k\u00f6nnen Sie jederzeit mit Wirkung f\u00fcr die Zukunft widerrufen.<\/p>\n<hr>\n<p>Dieses Page ist weder kommerziell noch wird diese gesch\u00e4ftlich genutzt. Wir sind Privatpersonen die Ihre Erfahrungen und die der anderen Teilen und diese Online zur Verf\u00fcgung stellen.<\/p>\n<p>Hier geht es nicht um Online-Shopping, Umsatz und Marge- sondern um Bilder und Erfahrungen der einzelnen User \u2013 einen Warenkorb oder einen \u201cBestellen-Button\u201d wirst Duhier vergeblich suchen.<\/p>\n<p>Daf\u00fcr kannst Du gerne unsere empfohlenen H\u00e4ndler kontaktieren, deren Banner Du auf vielen Seiten auf Taschenfreak.de findest.<\/p>\n<hr>\n<p><strong>Hinweise f\u00fcr Fotografen die uns Ihre Bilder zur Verf\u00fcgung stellen:<\/strong><\/p>\n<p>Wir nennen Ihren\/Deinen&nbsp; Namen im Zusammenhang mit dem Bild, damit ganz klar ist wem das Bild geh\u00f6rt und wer der Urheber ist. Damit der Bilderklau nicht ausartet, bekommt jedes Bild einen Hinweis ins Bild produziert. Dies ist kein Copyrighthinweis, sondern nur ein &#8222;Unbrauchbar machen f\u00fcr andere, die Ihr\/Dein Bild unrechtm\u00e4\u00dfig nutzen m\u00f6chten. Damit m\u00f6chten wir verhindern das Ihre sch\u00f6nen Bilder und unsere Taschenfreak Community zur 3-2-1-Verkaufsbilderb\u00f6rse missbraucht wird. Das Copyright bleibt bei Ihnen zu diesen Bildern. Solltest Du den Wunsch haben nicht namentlich genannt zu werden so kommen wir diesem Wunsch auch sehr gerne nach. Dann bitte einfach in das Mail an uns mit Deinen Bildern vermerken, das diese Anonym ver\u00f6ffentlicht werden sollen.<\/p>\n<hr>\n<p>Viel Spa\u00df in den Taschen-Bildergalerien und diesem Blog!<\/p>\n","protected":false},"excerpt":{"rendered":"<p>Diese Page lebt von Ihren Einsendungen und Ihren Berichten \u2013 wir freuen uns auf Deine Taschenbilder und Du hilfst damit jedem der ein entsprechendes Transportequipment sucht. Wir freuen uns auf Dein Mail! Wenn Sie den Button \u201eSenden\u201c bet\u00e4tigen, erkl\u00e4ren Sie damit Ihr Einverst\u00e4ndnis dazu, dass Ihre Daten zur Bearbeitung Ihrer Anfrage erhoben, gespeichert und verarbeitet&hellip;<\/p>\n","protected":false},"author":3,"featured_media":0,"parent":0,"menu_order":11,"comment_status":"closed","ping_status":"closed","template":"","meta":{"ngg_post_thumbnail":0,"footnotes":"","_links_to":"","_links_to_target":""},"class_list":["post-12","page","type-page","status-publish","hentry"],"jetpack_shortlink":"https:\/\/wp.me\/P4GMND-c","jetpack_sharing_enabled":true,"_links":{"self":[{"href":"https:\/\/taschenfreak.de\/blog\/wp-json\/wp\/v2\/pages\/12","targetHints":{"allow":["GET"]}}],"collection":[{"href":"https:\/\/taschenfreak.de\/blog\/wp-json\/wp\/v2\/pages"}],"about":[{"href":"https:\/\/taschenfreak.de\/blog\/wp-json\/wp\/v2\/types\/page"}],"author":[{"embeddable":true,"href":"https:\/\/taschenfreak.de\/blog\/wp-json\/wp\/v2\/users\/3"}],"replies":[{"embeddable":true,"href":"https:\/\/taschenfreak.de\/blog\/wp-json\/wp\/v2\/comments?post=12"}],"version-history":[{"count":1,"href":"https:\/\/taschenfreak.de\/blog\/wp-json\/wp\/v2\/pages\/12\/revisions"}],"predecessor-version":[{"id":8940,"href":"https:\/\/taschenfreak.de\/blog\/wp-json\/wp\/v2\/pages\/12\/revisions\/8940"}],"wp:attachment":[{"href":"https:\/\/taschenfreak.de\/blog\/wp-json\/wp\/v2\/media?parent=12"}],"curies":[{"name":"wp","href":"https:\/\/api.w.org\/{rel}","templated":true}]}}

<p>Diese Page lebt von Ihren Einsendungen und Ihren Berichten – wir freuen uns auf Deine Taschenbilder und Du hilfst damit jedem der ein entsprechendes Transportequipment sucht.</p>
<p>Wir freuen uns auf Dein Mail!</p>
<hr>

<div class="wpcf7 no-js" id="wpcf7-f8939-o1" lang="de-DE" dir="ltr" data-wpcf7-id="8939">
<div class="screen-reader-response"><p role="status" aria-live="polite" aria-atomic="true"></p> <ul></ul></div>
<form action="/blog/wp-json/wp/v2/pages/12#wpcf7-f8939-o1" method="post" class="wpcf7-form init" aria-label="Kontaktformular" novalidate="novalidate" data-status="init">
<fieldset class="hidden-fields-container"><input type="hidden" name="_wpcf7" value="8939" /><input type="hidden" name="_wpcf7_version" value="6.1.5" /><input type="hidden" name="_wpcf7_locale" value="de_DE" /><input type="hidden" name="_wpcf7_unit_tag" value="wpcf7-f8939-o1" /><input type="hidden" name="_wpcf7_container_post" value="0" /><input type="hidden" name="_wpcf7_posted_data_hash" value="" />
</fieldset>
<p><label> Dein Name (Pflichtfeld)<br />
<span class="wpcf7-form-control-wrap" data-name="your-name"><input size="40" maxlength="400" class="wpcf7-form-control wpcf7-text wpcf7-validates-as-required" aria-required="true" aria-invalid="false" value="" type="text" name="your-name" /></span> </label>
</p>
<p><label> Deine E-Mail-Adresse (Pflichtfeld)<br />
<span class="wpcf7-form-control-wrap" data-name="your-email"><input size="40" maxlength="400" class="wpcf7-form-control wpcf7-email wpcf7-validates-as-required wpcf7-text wpcf7-validates-as-email" aria-required="true" aria-invalid="false" value="" type="email" name="your-email" /></span> </label>
</p>
<p><label> Betreff<br />
<span class="wpcf7-form-control-wrap" data-name="your-subject"><input size="40" maxlength="400" class="wpcf7-form-control wpcf7-text" aria-invalid="false" value="" type="text" name="your-subject" /></span> </label>
</p>
<p><label> Deine Nachricht<br />
<span class="wpcf7-form-control-wrap" data-name="your-message"><textarea cols="40" rows="10" maxlength="2000" class="wpcf7-form-control wpcf7-textarea" aria-invalid="false" name="your-message"></textarea></span> </label>
</p>
<p><span class="wpcf7-form-control-wrap" data-name="acceptance-989"><span class="wpcf7-form-control wpcf7-acceptance"><span class="wpcf7-list-item"><input type="checkbox" name="acceptance-989" value="1" aria-invalid="false" /></span></span></span> Sie erklären sich damit einverstanden, dass Ihre Daten zur Bearbeitung Ihres Anliegens verwendet werden. Weitere Informationen und Widerrufshinweise finden sie in der <b><a href="https://taschenfreak.de/blog/impressum/datenschutzerklaerung/">Datenschutzerklärung</a></b>.
</p>
<p><input class="wpcf7-form-control wpcf7-submit has-spinner" type="submit" value="Senden" />
</p><div class="wpcf7-response-output" aria-hidden="true"></div>
</form>
</div>

<p>Wenn Sie den Button „Senden“ betätigen, erklären Sie damit Ihr Einverständnis dazu, dass Ihre Daten zur Bearbeitung Ihrer Anfrage erhoben, gespeichert und verarbeitet werden. Dieses Einverständnis können Sie jederzeit mit Wirkung für die Zukunft widerrufen.</p>
<hr>
<p>Dieses Page ist weder kommerziell noch wird diese geschäftlich genutzt. Wir sind Privatpersonen die Ihre Erfahrungen und die der anderen Teilen und diese Online zur Verfügung stellen.</p>
<p>Hier geht es nicht um Online-Shopping, Umsatz und Marge- sondern um Bilder und Erfahrungen der einzelnen User – einen Warenkorb oder einen “Bestellen-Button” wirst Duhier vergeblich suchen.</p>
<p>Dafür kannst Du gerne unsere empfohlenen Händler kontaktieren, deren Banner Du auf vielen Seiten auf Taschenfreak.de findest.</p>
<hr>
<p><strong>Hinweise für Fotografen die uns Ihre Bilder zur Verfügung stellen:</strong></p>
<p>Wir nennen Ihren/Deinen&nbsp; Namen im Zusammenhang mit dem Bild, damit ganz klar ist wem das Bild gehört und wer der Urheber ist. Damit der Bilderklau nicht ausartet, bekommt jedes Bild einen Hinweis ins Bild produziert. Dies ist kein Copyrighthinweis, sondern nur ein &#8222;Unbrauchbar machen für andere, die Ihr/Dein Bild unrechtmäßig nutzen möchten. Damit möchten wir verhindern das Ihre schönen Bilder und unsere Taschenfreak Community zur 3-2-1-Verkaufsbilderbörse missbraucht wird. Das Copyright bleibt bei Ihnen zu diesen Bildern. Solltest Du den Wunsch haben nicht namentlich genannt zu werden so kommen wir diesem Wunsch auch sehr gerne nach. Dann bitte einfach in das Mail an uns mit Deinen Bildern vermerken, das diese Anonym veröffentlicht werden sollen.</p>
<hr>
<p>Viel Spaß in den Taschen-Bildergalerien und diesem Blog!</p>

<p>Diese Page lebt von Ihren Einsendungen und Ihren Berichten – wir freuen uns auf Deine Taschenbilder und Du hilfst damit jedem der ein entsprechendes Transportequipment sucht. Wir freuen uns auf Dein Mail! Wenn Sie den Button „Senden“ betätigen, erklären Sie damit Ihr Einverständnis dazu, dass Ihre Daten zur Bearbeitung Ihrer Anfrage erhoben, gespeichert und verarbeitet&hellip;</p>
