{"id":6093,"date":"2016-09-28T18:07:52","date_gmt":"2016-09-28T16:07:52","guid":{"rendered":"http:\/\/taschenfreak.de\/blog\/?page_id=6093"},"modified":"2018-05-15T12:07:24","modified_gmt":"2018-05-15T10:07:24","slug":"verlosungen-auf-taschenfreak","status":"publish","type":"page","link":"https:\/\/taschenfreak.de\/blog\/uebertaschenfreak\/verlosungen-auf-taschenfreak\/","title":{"rendered":"Verlosungen auf Taschenfreak.de"},"content":{"rendered":"<p>Ab und zu kann ich mal dank der H\u00e4ndler und Hersteller den Lesern dieses Blogs etwas verlosen. Daf\u00fcr gelten die nachfolgenden &#8222;kleingedruckten&#8220; und leider rechtlich notwendigen Zeilen.<\/p>\n<p>Wehe mich will einer verklagen \u2013 ich mache das alles hier rein privat in meiner wenigen Freizeit ohne jegliche kommerziellen Absichten:<span id=\"more-4733\"><\/span><\/p>\n<p><em>Veranstalter dieses Gewinnspiels ist Taschenfreak.de und damit die Privatperson J\u00f6rg Langer. Die Teilnahme an diesem Gewinnspiel richtet sich nach den folgenden Teilnahmebedingungen. Ich behalte mir vor, das Gewinnspiel jederzeit aus wichtigem Grund ohne Vorank\u00fcndigung zu beenden oder zu unterbrechen. Dies gilt insbesondere f\u00fcr solche Gr\u00fcnde, die einen planm\u00e4\u00dfigen Ablauf des Gewinnspiels st\u00f6ren oder verhindern w\u00fcrden.<\/em><\/p>\n<p><em>Teilnahmeberechtigt sind alle nat\u00fcrlichen Personen, die zum Zeitpunkt der Teilnahme das 18. Lebensjahr vollendet haben. Ich bin berechtigt, einzelne Personen von der Teilnahme auszuschlie\u00dfen, sofern berechtigte Gr\u00fcnde, wie z. B. Versto\u00df gegen die Teilnahmebedingungen, doppelte Teilnahme, unzul\u00e4ssige Beeinflussung des Gewinnspiels, Manipulation etc., vorliegen.<\/em><\/p>\n<p><em>Jeder Teilnehmer darf nur einmal teilnehmen. Pro Teilnehmer ist immer nur ein Gewinn m\u00f6glich. Die Teilnahme an diesem Gewinnspiel ist kostenlos. Durch die Teilnahme entsteht kein Anspruch auf einen Gewinn. F\u00fcr die Verlosung werden nur Teilnehmer ber\u00fccksichtigt, die hier einen Kommentar im Beitrag hinterlassen haben\u00a0und mit der Ver\u00f6ffentlichung Ihres Namens (OHNE Anschrift und auch ohne Mailanschrift) auf Taschenfreak.de einverstanden sind. Unter allen richtigen Einsendungen entscheidet ein Online-Auslosungstool, in das wir alle Namen der Teilnehmer eintragen im elektronischen Losverfahren. Die Gewinnchancen sind unabh\u00e4ngig von Freundschaft, Bekanntschaft, Verwandtschaft und Motiv, es kann jeder au\u00dfer mir selbst teilnehmen!<\/em><\/p>\n<p><em>Es wird nur der im entsprechenden Beitrag beschriebene Gewinn vergeben. Der Gewinner dieses Preises wird zeitnah unter Verwendung der\u00a0im Kommentar hinterlassenen Mailanschrift benachrichtigt. Sollte ein Gewinner eine fehlerhafte Mailanschrift angegeben haben, die nicht zustellbar ist, so verf\u00e4llt der Anspruch auf den Gewinn und es wird nach demselben Vorgehen ein Ersatzgewinner ausgelost. F\u00fcr die Richtigkeit der angegebenen Adresse ist der Teilnehmer verantwortlich.<\/em><\/p>\n<p><em>Eine Barauszahlung oder \u00dcbertragbarkeit des Gewinns auf andere Personen ist ausgeschlossen. Der Gewinner akzeptiert insoweit notwendige \u00c4nderungen des Gewinns, die durch andere au\u00dferhalb meines Einflussbereichs liegenden Faktoren bedingt sind.<\/em><br \/>\n<em>Eine Haftung von mir \u2013 gleich aus welchem Rechtsgrund \u2013 besteht nur, wenn ein Schaden durch schuldhafte Verletzung einer vertragswesentlichen Pflicht in einer das Erreichen des Vertragszwecks gef\u00e4hrdenden Weise verursacht wurde oder auf Vorsatz oder grobe Fahrl\u00e4ssigkeit zur\u00fcckzuf\u00fchren ist.<\/em><\/p>\n<p><em>Durch die Teilnahme an dem Gewinnspiel erkl\u00e4rt sich der Teilnehmer ausdr\u00fccklich damit einverstanden, dass ich die dazu erforderlichen Daten wie Name, Vorname und Mailanschrift f\u00fcr den Zeitraum des Gewinnspiels und dar\u00fcber hinaus speichere. Eine Weitergabe dieser Daten an dritte ist ausgeschlossen.<\/em><\/p>\n<p><em>Alle meine Angaben erfolgen ohne Gew\u00e4hr. Der Rechtsweg ist ausgeschlossen.<\/em><br \/>\n<em>Sollten einzelne Bestimmungen der Teilnahmebedingungen ung\u00fcltig sein oder ung\u00fcltig werden, bleibt die G\u00fcltigkeit der \u00fcbrigen Teilnahmebedingungen unber\u00fchrt. An ihre Stelle tritt eine angemessene Regelung, die dem Zweck der unwirksamen Bestimmung am ehesten entspricht.<\/em><\/p>\n","protected":false},"excerpt":{"rendered":"<p>Ab und zu kann ich mal dank der H\u00e4ndler und Hersteller den Lesern dieses Blogs etwas verlosen. Daf\u00fcr gelten die nachfolgenden &#8222;kleingedruckten&#8220; und leider rechtlich notwendigen Zeilen. Wehe mich will einer verklagen \u2013 ich mache das alles hier rein privat in meiner wenigen Freizeit ohne jegliche kommerziellen Absichten: Veranstalter dieses Gewinnspiels ist Taschenfreak.de und damit&hellip;<\/p>\n","protected":false},"author":3,"featured_media":0,"parent":9,"menu_order":0,"comment_status":"closed","ping_status":"closed","template":"","meta":{"ngg_post_thumbnail":0,"footnotes":"","_links_to":"","_links_to_target":""},"class_list":["post-6093","page","type-page","status-publish","hentry"],"jetpack_shortlink":"https:\/\/wp.me\/P4GMND-1Ah","jetpack_sharing_enabled":false,"_links":{"self":[{"href":"https:\/\/taschenfreak.de\/blog\/wp-json\/wp\/v2\/pages\/6093","targetHints":{"allow":["GET"]}}],"collection":[{"href":"https:\/\/taschenfreak.de\/blog\/wp-json\/wp\/v2\/pages"}],"about":[{"href":"https:\/\/taschenfreak.de\/blog\/wp-json\/wp\/v2\/types\/page"}],"author":[{"embeddable":true,"href":"https:\/\/taschenfreak.de\/blog\/wp-json\/wp\/v2\/users\/3"}],"replies":[{"embeddable":true,"href":"https:\/\/taschenfreak.de\/blog\/wp-json\/wp\/v2\/comments?post=6093"}],"version-history":[{"count":0,"href":"https:\/\/taschenfreak.de\/blog\/wp-json\/wp\/v2\/pages\/6093\/revisions"}],"up":[{"embeddable":true,"href":"https:\/\/taschenfreak.de\/blog\/wp-json\/wp\/v2\/pages\/9"}],"wp:attachment":[{"href":"https:\/\/taschenfreak.de\/blog\/wp-json\/wp\/v2\/media?parent=6093"}],"curies":[{"name":"wp","href":"https:\/\/api.w.org\/{rel}","templated":true}]}}